ine y(8).
8
Let d(b) = -4*b - 96. Determine d(-26).
8
Let i(x) = 13*x - 87. Give i(14).
95
Let o(a) = -a**2 - 10*a + 1. Give o(-10).
1
Let o(l) = l**2 + 16*l + 33. What is o(-7)?
-30
Let v(k) = k + 18. Calculate v(-8).
10
Let g(d) = 5*d**3 + 5*d**2 - 10*d + 1. Give g(2).
41
Let g(w) = -w**2 - 5*w + 4. Give g(-7).
-10
Let t(n) = n**3 + n**2 + 5*n - 22. Calculate t(0).
-22
Let g(k) = -12*k**3 - k - 1. Give g(-1).
12
Let v(y) = -y**3 + 4*y**2 + 9*y - 1. Determine v(6).
-19
Let b(o) = -4*o + 120. Determine b(22).
32
Let i(z) = -z**3 - 5*z**2 + 2*z + 5. What is i(-5)?
-5
Let a(s) = -3*s + 5. What is a(-12)?
41
Let w(s) = s**3 + 8*s**2 - 6*s - 23. Calculate w(-7).
68
Let r(v) = 44*v - 401. Calculate r(9).
-5
Let v(r) = -r**2 + 8*r + 12. What is v(9)?
3
Let k(x) = 3*x**2 + 2*x + 6. What is k(-5)?
71
Let k(s) = -7*s + 20. Give k(6).
-22
Let n(p) = -p**3 + 7*p**2 + 9*p - 3. Give n(8).
5
Let q(h) = h**3 + 16*h**2 - 36*h - 18. Determine q(-18).
-18
Let u(m) = -m**2 + 173*m - 672. What is u(4)?
4
Let h(v) = -v**2 + 9*v + 6. What is h(0)?
6
Let o(i) = -i - 2. Give o(4).
-6
Let t(l) = -l**3 + 5*l**2 + 20*l - 40. Calculate t(7).
2
Let z(f) = 9*f**2 - 200*f + 38. What is z(22)?
-6
Let i(t) = -5*t**2 - 24*t + 7. What is i(-6)?
-29
Let c(u) = 3*u**3 - 7*u**2 - 9*u. Calculate c(4).
44
Let w(y) = -y**3 - 16*y**2 - 14*y + 21. Give w(-15).
6
Let v(d) = 3*d + 1. Determine v(8).
25
Let u(c) = c**3 + 12*c**2 - 9*c + 48. Give u(-13).
-4
Let j(f) = -2*f**3 - 9*f**2 + 5*f + 5. Give j(-5).
5
Let u(m) = 8*m. Determine u(2).
16
Let u(q) = -2*q - 4. Determine u(3).
-10
Let g(f) = 13*f + 3. Determine g(1).
16
Let n(j) = j**3 - 21*j**2 + 58*j - 9. Determine n(18).
63
Let l(x) = -x**3 - x**2 - x + 36. Determine l(0).
36
Let k(y) = -4*y**2 - 2*y - 3. Calculate k(-2).
-15
Let c(d) = -d**3 + 7*d**2 - 3*d. Give c(7).
-21
Let x(s) = -s**2 - 2*s - 3. Give x(-4).
-11
Let c(r) = 2*r**2 - 56*r + 48. Determine c(27).
-6
Let n(a) = 8*a**3 - 2*a**2 + 3*a - 2. Give n(1).
7
Let z(v) = -v**3 + 16*v**2 - 14*v - 16. Determine z(15).
-1
Let h(t) = 2*t**3 + 12*t**2 + 14*t - 7. Determine h(-3).
5
Let n(k) = k - 96. Determine n(7).
-89
Let v(r) = -r - 14. Calculate v(-23).
9
Let f(c) = -3*c**3 + c**2 - 3*c + 2. Determine f(2).
-24
Let m(b) = b**3 - 23*b**2 + 62*b - 33. Calculate m(20).
7
Let y(n) = -3*n**2 - 3*n - 5. Give y(-2).
-11
Let l(h) = 2*h + 24. Give l(-13).
-2
Let n(k) = k**2 - k + 1. Give n(4).
13
Let p(w) = 2*w + 9. Give p(-8).
-7
Let w(t) = t**2 + 9*t + 19. Give w(-5).
-1
Let k(p) = 23*p**3 + p. Determine k(1).
24
Let o(w) = w**3 + 12*w**2 - 11. Give o(-12).
-11
Let h(o) = -3*o**2 + 22*o - 19. Give h(8).
-35
Let g(m) = -2*m + 9. Calculate g(12).
-15
Let j(x) = x**2 + 7*x + 3. Determine j(-6).
-3
Let z(t) = t**2 - 17*t - 9. What is z(18)?
9
Let o(x) = x**3 + 3*x**2 - 17*x - 2. What is o(-6)?
-8
Let j(o) = -o**3 + 3*o**2 + 8*o - 21. What is j(4)?
-5
Let z(h) = -4*h**2 + 22*h - 33. Calculate z(4).
-9
Let m(c) = -c**2 + 4*c - 1. Determine m(5).
-6
Let c(z) = -2*z**2 - 61*z - 73. Calculate c(-29).
14
Let c(k) = 9*k**2 + 4*k - 12. Give c(2).
32
Let q(n) = n**3 + 2*n**2 + 4. Give q(-3).
-5
Let f(y) = -43*y - 264. What is f(-6)?
-6
Let h(s) = s**3 + 7*s**2 - 6*s - 9. Calculate h(-8).
-25
Let o(y) = y**3 + 3*y - 6. What is o(-3)?
-42
Let m(i) = -i**2 - 43*i - 35. Give m(-42).
7
Let u(j) = -4*j**2 + 33*j + 32. What is u(-1)?
-5
Let m(l) = l**2 + 9*l - 85. What is m(-17)?
51
Let x(a) = a**2 + 2*a - 3. Give x(2).
5
Let r(f) = 5*f - 24. Calculate r(4).
-4
Let k(g) = 3*g + 13. Give k(9).
40
Let b(f) = 3*f**2 + 28*f - 15. Determine b(-10).
5
Let j(r) = -3*r**2 + 4*r - 2. What is j(1)?
-1
Let f(p) = 8*p - 38. Determine f(5).
2
Let s(c) = 10*c - 23. What is s(5)?
27
Let h(j) = j**3 - 20*j**2 + 3*j - 36. What is h(20)?
24
Let b(o) = -6*o**2 + 2*o + 15. What is b(0)?
15
Let c(o) = -o**3 - 16*o**2 - 25*o + 40. What is c(-14)?
-2
Let m(k) = -5*k. Determine m(-1).
5
Let z(x) = x**3 - 7*x**2 - 4*x + 23. Give z(7).
-5
Let f(u) = -18*u - 7. Calculate f(2).
-43
Let c(j) = 5*j - 68. What is c(13)?
-3
Let m(a) = -a**2 + 11*a + 19. Give m(12).
7
Let b(s) = s + 3. Give b(1).
4
Let z(s) = -5*s**3 + s**2 - 12*s - 24. Determine z(-2).
44
Let x(i) = -10*i**2 - 2. Calculate x(2).
-42
Let k(r) = -4*r**3 + 4*r**2 + 2*r. Determine k(2).
-12
Let s(b) = -b**2 - 3*b - 3. What is s(-2)?
-1
Let y(d) = d**3 + 8*d**2 + 2*d + 2. Give y(-8).
-14
Let d(h) = -h**3 + 9*h**2 - 3*h - 11. What is d(9)?
-38
Let a(o) = o**2 - 6*o + 31. Give a(0).
31
Let v(s) = -s**2 + s - 5. What is v(0)?
-5
Let s(q) = q + 1. Give s(1).
2
Let x(d) = 3*d**2 - 9*d. Calculate x(4).
12
Let u(g) = -2*g - 21. What is u(0)?
-21
Let g(o) = -o - 9. What is g(0)?
-9
Let q(w) = 2*w**2 - w + 4. Calculate q(0).
4
Let c(p) = 10*p + 12. Calculate c(-7).
-58
Let p(g) = -g**3 + 16*g**2 + 15*g + 67. Calculate p(17).
33
Let q(h) = -34*h**3 - h**2 + 2*h + 3. What is q(-1)?
34
Let z(b) = -b**3 - 8*b**2 - 12*b + 12. Determine z(-6).
12
Let y(u) = -71*u - 640. Calculate y(-9).
-1
Let b(p) = -2*p**2 + 2*p - 6. Determine b(6).
-66
Let i(f) = -f - 10. Calculate i(-12).
2
Let b(c) = -c**3 + 2*c**2 - 3*c + 2. What is b(1)?
0
Let r(a) = -a**3 + 13*a**2 + 12*a - 13. Calculate r(14).
-41
Let v(y) = y**2 - 5*y - 2. Determine v(6).
4
Let u(y) = -y**3 + 37*y. What is u(-6)?
-6
Let k(m) = 4*m**2 - 3*m - 2. Calculate k(-1).
5
Let z(y) = -5*y + 40. Give z(4).
20
Let w(o) = -4*o + 3. Calculate w(-6).
27
Let i(v) = -32*v - 1. Calculate i(-1).
31
Let r(t) = t**3 + 7*t**2 - 4*t + 27. Give r(-8).
-5
Let c(z) = -z**2 - z + 16. Give c(-5).
-4
Let m(j) = j**2 - 3*j + 13. What is m(0)?
13
Let z(s) = -2*s - 4. What is z(-4)?
4
Let h(j) = -j**3 + 19*j**2 - 19*j + 28. What is h(18)?
10
Let v(w) = -13*w. Determine v(4).
-52
Let u(t) = t**2 + 10*t - 13. What is u(-11)?
-2
Let j(p) = p**2 + 20*p + 42. What is j(-18)?
6
Let w(c) = -c**3 - 14*c**2 - 2*c + 14. Determine w(-14).
42
Let v(c) = -c**2 + 11*c + 12. Give v(16).
-68
Let g(t) = -t + 10. Give g(7).
3
Let v(p) = -2*p**2 + 22*p + 35. Calculate v(13).
-17
Let r(w) = -w**2 + 24*w + 78. Give r(27).
-3
Let f(a) = -a**2 + 22*a - 5. Determine f(16).
91
Let t(r) = -r - 14. Calculate t(2).
-16
Let w(x) = -5*x - 2. Calculate w(-3).
13
Let j(o) = o**3 - 18*o**2 - o + 23. What is j(18)?
5
Let t(i) = 9*i + 410. Calculate t(-47).
-13
Let m(y) = y**2 + 14*y + 4. What is m(-8)?
-44
Let a(g) = -g - 1. Give a(10).
-11
Let a(i) = -7*i. What is a(-1)?
7
Let w(c) = c**2 - 9*c + 2. Calculate w(11).
24
Let t(l) = -8*l + 2. Give t(0).
2
Let j(k) = k**2 - 6*k - 19. What is j(7)?
-12
Let n(l) = -l**2 - 78*l - 7. Determine n(0).
-7
Let b(t) = t**2 + 3*t + 5. What is b(-4)?
9
Let m(y) = -116*y + 1277. Determine m(11).
1
Let v(l) = -3*l - 8. What is v(-4)?
4
Let q(l) = -9*l + 35. What is q(10)?
-55
Let f(l) = 34*l + 253. Calculate f(-7).
15
Let p(d) = -2*d**2 + 12*d + 7. Calculate p(8).
-25
Let j(u) = u**3 - u**2 - u + 3. Calculate j(0).
3
Let s(r) = -2*r + 74. What is s(10)?
54
Let m(q) = q + 2. Give m(-13).
-11
Let h(m) = -m**3 + m**2 - 3*m + 6. Calculate h(3).
-21
Let p(a) = -a**2 - 15*a + 11. What is p(-16)?
-5
Let p(b) = -b**3 - 2*b**2 - 2*b - 11. What is p(-5)?
74
Let p(k) = -k**2 - 14*k - 44. What is p(-9)?
1
Let x(s) = -5*s - 71. What is x(-12)?
-11
Let j(l) = -l - 10. What is j(-3)?
-7
Let j(o) = -o**2 - 8*o - 2. What is j(-7)?
5
Let h(u) = -3*u - 47. Determine h(7).
-68
Let d(p) = p**3 + 14*p**2 + 26*p + 5. Give d(-12).
-19
Let m(r) = 88*r + 174. What is m(-2)?
-2
Let a(q) = 2*q**2 - q + 2. What is a(4)?
30
Let y(b) = 3*b**2 - 11*b - 52. Give y(-3).
8
Let s(p) = 14*p. Calculate s(-5).
-70
Let f(c) = 2*c**2 - 39*c + 29. What is f(18)?
-25
Let z(b) = b**3 - 36*b**2 + 32*b + 78. Give z(35).
-27
Let l(j) = j**2 - j - 10. Give l(-5).
20
Let u(t) = 22*t + 81. What is u(-4)?
-7
Let n(u) = u**2 + 14*u - 40. Give n(3).
11
Let h(p) = -p - 33. What is h(-27)?
-6
Let s(n) = -4*n**3 + 3*n**2 + 2*n. Give s(-1).
5
Let k(a) = -2*a + 9. Give k(8).
-7
Let j(g) = -g**2 - 19*g - 14. What is j(-20)?
-34
Let m(d) = -d**3 + 10*d**2 - 10*d - 13. Give m(9).
-22
Let a(g) = -g**3 + 5*g**2 - 8*g + 2. Give a(3).
-4
Let l(q) = 2*q**3 + 5*q**2 - 4*q - 5. Calculate l(-4).
-37
Let v(f) = 4*f**2 - 42*f + 17. What is v(10)?
-3
Let j(b) = b**2 - 2*b - 5. Determine j(6).
19
Let d(z) = z**3 + 10*z**2 + 10